be a(-22). Is ((1227845/(-30))/(-37))/(c/(-6)) a composite number?
False
Let m(p) = -1649*p**3 - p**2 - 3*p - 2. Let l(u) = -1651*u**3 - u**2 - 3*u - 2. Let z(d) = 4*l(d) - 3*m(d). Is z(-1) prime?
True
Let u be 0/((-5 - -5) + 2/(-2)). Suppose 2*v + 2*x = 434, u = 4*x - 3*x + 2. Is v a composite number?
True
Let h be 2 - 2/(-2)*(9 + -7). Suppose 2*j + 798 = 5*d, h*d - 2*d = 2*j + 324. Is d prime?
False
Let c = -164292 - -260831. Is c prime?
False
Let p(z) = 45*z**2 + 5. Let h(r) = -r**2 + 15*r - 8. Let g be h(14). Let a be p(g). Let j = a + -994. Is j a prime number?
True
Suppose 5*l = 90294 - 9654. Let k = l + -5297. Is k composite?
False
Let x(s) = -2*s - 28. Let l be x(-15). Suppose 4*w + 4*q - l*q = 3646, -919 = -w + 2*q. Is w a composite number?
True
Suppose -14*s = -17*s - 9. Let b be s/((-6)/3244*2). Suppose -4*i + 799 = 5*y, i = -5*y - 0*i + b. Is y a prime number?
True
Let j(c) = 368 - 220*c - 14 + 221*c. Let b be j(0). Suppose -2*i + b + 604 = 0. Is i prime?
True
Is 8/(-14) - (-6 + (-3041109)/63) composite?
True
Let n = -8816 + 4571. Let x = -2678 - n. Is x a prime number?
True
Let a(h) be the second derivative of 8*h**5/5 - 5*h**4/12 - 7*h**3/6 + 5*h**2 + 26*h. Let u be a(6). Let i = -3323 + u. Is i a composite number?
True
Let n = -1766 - 821. Let q = n - -4014. Suppose 3*p + q = 3*j - 2*p, -3*p = -2*j + 952. Is j prime?
True
Suppose 18 = -2*c + 3*q, -5*c - q = -7 + 18. Let d be ((-10)/6 - c)/((-5)/15). Let y(v) = 255*v**2 - 9*v - 5. Is y(d) composite?
False
Let h(b) = 5170*b**2 + 11*b + 19. Let c be h(-2). Suppose 51763 = 8*j - c. Is j composite?
True
Let u = -62 + 732. Let b = 1163 - u. Is b composite?
True
Let u(d) be the third derivative of 2*d**5/5 + 7*d**4/24 - 31*d**3/6 + 8*d**2 + 5*d. Is u(4) composite?
True
Let a(n) = -31*n**2 + 13*n - 2. Let h(l) = 31*l**2 - 16*l - 1. Let f(s) = -3*a(s) - 2*h(s). Let v be 32/6 + 4/6. Is f(v) a prime number?
False
Suppose -3*g = -5*m - 22575, -5*g + 4*m + 30108 = -g. Let t = g - 1757. Is t prime?
False
Let q be (-8055)/(-25) + (-2)/10. Let b = q - 169. Let f = 412 - b. Is f a composite number?
True
Suppose -5*g + 2 = -98. Suppose 5*y + 25 = 3*p + p, 3*p = -4*y - g. Is 1265 + (p/1 - -2) composite?
True
Suppose -5*s - 1370166 = -b, -9*s = -4*b - 12*s + 5480503. Is b a composite number?
True
Let t be (-253)/(-46)*-1186*(2 + -1). Is 3/3 - 1 - t a composite number?
True
Let g(n) = -168*n**3 - 2*n**2 - 2*n + 2. Let z be g(-2). Suppose -30*o = 4*i - 33*o + 1359, 2*o - 1697 = 5*i. Let u = i + z. Is u a prime number?
False
Suppose -368 = -3*o + 4*j, 4*j - 1 = -3*o + 375. Let v be 14/77 + (o/22)/2. Suppose -m = 5*u - 390, 0 = 5*u - v*m - 408 + 38. Is u composite?
True
Let h(a) = -2*a**3 - 41*a**2 + 16*a + 109. Is h(-30) prime?
True
Suppose 18*l = 20*l + 8. Let b be l/8 - (-684)/8. Suppose 2274 = -b*y + 87*y. Is y prime?
False
Suppose -4*l + 15 = 3*c, -4*c + 20 = l - 6*l. Suppose -c*t = -2*z - 5429, 0 = -4*z + 12. Is t composite?
False
Suppose 5*q + 54624 = 10*z + 208114, -61396 = -2*q + 5*z. Is q composite?
True
Is (-1)/(((-120)/(-309324))/(-10)) composite?
True
Let i(q) = 104*q**2 + 241*q - 406. Is i(-57) composite?
True
Let q = -22911 - -68854. Is q prime?
True
Let t(k) = 5*k + 12. Let m be t(6). Suppose -m*h - 464873 = -1162199. Is h composite?
False
Suppose -15 = -5*i - a - 5, i + 3*a = 2. Suppose 7*s - 35901 = -i*s. Is s composite?
False
Suppose -11*u - 5 = 83. Let f be (u - -15)*(5 - (2 + 0)). Is 13006/f*3/2 composite?
False
Let o(i) = -195*i + 66. Let x be (-344)/(-28) - (-2)/(-7)*1. Let q be o(x). Let z = q + 3317. Is z a prime number?
False
Let w = 16264 + -687. Is w composite?
True
Let m(b) = 5*b - 8. Let c(x) = -11*x + 17. Let n(f) = -4*c(f) - 9*m(f). Let i be n(-3). Suppose i*p + 5*p - 4764 = 0. Is p composite?
False
Let c(d) = d**2 - 15*d + 37. Let j be c(13). Let q(g) = g**3 - 10*g**2 + 5*g - 13. Is q(j) composite?
False
Suppose -3*f = -6, 3*m - 5*f + 0 - 2 = 0. Let x(q) = 4*q**2 + 3*q - 2. Let y be x(m). Is (-11)/((12/y)/(-6)) composite?
True
Let t be 14/133 - (8824/76 - 1). Suppose -4*p = -2*r - 0*p - 338, 5*p = 3*r + 503. Let a = t - r. Is a a composite number?
True
Let p(t) = -86631*t - 5753. Is p(-6) prime?
False
Let p = -11 - -2. Let v(s) = 25 + 33 - 20*s - 53 - 74*s. Is v(p) prime?
False
Let j(d) = 8*d**2 + 8*d - 5. Let w(y) = y**2 + 6*y. Let g be w(-6). Suppose -5*r - z - 16 = g, -6*r - 3*z = -3*r. Is j(r) a prime number?
False
Suppose 2787 = -3*x + 4*x. Let q be 27*12/810*2/(4/25). Suppose q*r + k - 2*k = x, 3*k = -6. Is r composite?
False
Is ((-121804698)/(-2610))/((-1)/(-15)) prime?
True
Let l = 168 - 168. Is ((-2362)/3)/(32/(-144)) + l prime?
False
Is (-106462)/(-1*(14 - 12)) a prime number?
True
Let f = -55 - -55. Suppose f = -4*h + 1271 - 3779. Let o = h + 1208. Is o a composite number?
True
Suppose -154571 = -80*r + 1224549. Is r a composite number?
False
Let y(v) = v**2 - 26*v - 54. Let u be y(28). Suppose 3*p - 5252 = -5*j, -u*p - j + 3512 = -3*j. Is p a composite number?
True
Let f be (11/(-12) - 14/(-56))*-3. Suppose -m - f*m = -2*t - 16, -m + 3*t = -17. Suppose -685 = -j - 4*b, -j = m*j + 2*b - 2035. Is j composite?
False
Suppose 0 = 206*j - 207*j + 371178. Suppose -8*d + j = 10*d. Is d a composite number?
True
Suppose f = 4*m + 24987 - 6028, -f = 3*m - 18938. Is f a composite number?
False
Let x = -1252755 - -2170157. Is x composite?
True
Let x(o) = -o**3 + 11*o**2 - 3*o + 6. Let g be x(11). Let n be (0 - -147) + (g - -30). Suppose -617 + n = -l - 3*s, -l = -3*s - 449. Is l a composite number?
True
Let x(p) = 42319*p**2 + 85*p + 293. Is x(-4) prime?
True
Let c = 20766 + 6999. Suppose -s - 129562 = -5*v, -4*s - 105492 = -3*v - c. Is v a composite number?
False
Let m = 323137 + 348432. Is m prime?
False
Let z(w) = -4*w + 67. Let x(l) = -l**3 + 13*l**2 + 2*l - 44. Let p be x(13). Is z(p) a composite number?
False
Suppose -2*g = 3*u + 13, 5*g = u - 4 + 31. Is (-38512 - -5)/u - -6 a prime number?
True
Let h be 3 + (1 + -12 - -5). Let x(c) = 349*c**2 + c - 1. Is x(h) a composite number?
False
Let f = 2533 - 409. Suppose -8*u - 4*g = -3*u + 3562, 3*u + f = 2*g. Let d = u + 1911. Is d composite?
False
Let h be (-9)/63 + (-39146)/(-14). Let a = h + -1397. Is a composite?
False
Let q be ((-28560)/(-18) + 6)*-3. Is (q/3)/(42/(-63)) prime?
True
Suppose 2*l = 2*b + 40, l = -5*b - 1 - 3. Suppose 3*w - 214909 = -l*w. Is w a composite number?
False
Suppose 12*q - 3*q + 5*q - 3661238 = 0. Is q composite?
True
Let o = -19 + 123. Suppose -o*t - 762 = -107*t. Is t a prime number?
False
Let y(g) = -9548*g - 29. Is y(-12) composite?
False
Is (-10489072)/(-144) - (2/72 + (-14)/56) a prime number?
False
Let j be 4/(-34) + 1378/442. Suppose 0 = 3*t - t + 2*h + 476, -j*h + 461 = -2*t. Let q = -132 - t. Is q a prime number?
True
Suppose 0 = -355*m - 362*m + 189499515. Is m composite?
True
Let n(i) = 151*i - i**3 - 50*i - 56*i + 7*i**2 - 54*i - 23. Is n(-6) a prime number?
True
Suppose 0*n = -n - 3*x - 5422, 0 = 3*n + 4*x + 16246. Let q = n - -8037. Is q composite?
True
Suppose -3*h + 3*n = -236328, -4*n + 89757 + 67813 = 2*h. Is h composite?
False
Let s(k) = 4464*k + 1067. Is s(10) a prime number?
True
Let g(d) = -6*d + 5. Let l be g(1). Let o(h) = -h. Let a(n) = -177*n - 48. Let j(z) = l*a(z) + 2*o(z). Is j(7) composite?
True
Let r(g) = 5*g - 10. Let y be r(7). Let s = 29 - y. Suppose -5*t + 2*m = -1763 - 2276, 0 = -s*t - 5*m + 3251. Is t composite?
False
Let a = 34 - 31. Suppose 3*i = 3*t - 11877, -4*t + 15700 = a*i - 171. Suppose t = -71*x + 75*x. Is x a composite number?
False
Let o = 185 - 505. Let s = 1263 + o. Suppose -4*l = -s + 99. Is l prime?
True
Suppose 0 = -7*k - 23*k + 414470 + 2444860. Is k composite?
False
Let j = -351 - -2230. Let l = -428 + j. Is l composite?
False
Let i(g) = 14609*g**2 + 53*g + 3. Is i(4) a prime number?
False
Suppose -5*k + 4*d + 969431 = 0, -k - 50359 = 3*d - 244230. Is k composite?
False
Let q = 28803 - -1155. Suppose c - 5*i - 18844 = 0, -3*i - 26562 = -3*c + q. Is c a prime number?
True
Suppose 76*f - 73*f + 4*s - 2246731 = 0, -4*f + 2995644 = 5*s. Is f composite?
False
Let p be -767 - -10*-2*(-4)/16. Suppose -5*g = -4*k - 3*g - 1780, 0 = 4*k - g + 1776. Let j = k - p. Is j a composite number?
True
Suppose 0 = -17*m + 14*m + 4713. Suppose m = a + 